 - 7*y - 1. Let p be w(-7). Let b = 1 - p. Calculate the remainder when 43 is divided by 6/(-4)*-5*b.
13
Suppose y - 16 = -3*y. Suppose 5*c - 10 - 10 = 0. Suppose -x + 3*x = 3*p + 37, 0 = -c*x + 5*p + 69. What is the remainder when x is divided by y?
3
Let t be 79 + 20/(-4) + 2. Suppose t = 3*b + 2*p, -4*b + p - 93 = -8*b. Calculate the remainder when b is divided by 6.
4
Suppose 39 = 5*i - 2*i + 3*x, 3*i - 3*x - 9 = 0. Let q be ((-24)/6)/((-4)/(-2)). What is the remainder when i is divided by 4 + q/1 + 1?
2
Let z be (-2 - -56)*2/4. Suppose -4 = z*j - 31*j. What is the remainder when 3 is divided by j?
0
Suppose -9 - 71 = -5*y. What is the remainder when 95 is divided by y?
15
Let i = -50 - -92. Suppose -4 = 2*q, -2*y = y + 5*q - 56. Calculate the remainder when i is divided by y.
20
Let g(i) = i + 9. Let a = 3 + -2. What is the remainder when g(0) is divided by 6*a - 1 - 0?
4
Let b(d) = -d**2 + 6*d - 3. Let u be b(2). Suppose 180 = -0*n + u*n. Calculate the remainder when n is divided by 13.
10
Let r(f) = f + 11. Calculate the remainder when 11 is divided by r(-7).
3
Suppose 3*z + 4*n - 5 = -0*n, 0 = -5*z + 3*n + 18. Suppose z*v - 21 = 90. Calculate the remainder when 71 is divided by v.
34
Suppose -392 = -4*c + 4*y, -2*y - 3*y = 25. Calculate the remainder when c is divided by 32.
29
Calculate the remainder when 116 is divided by (0 - -1)*273/7.
38
Suppose 3*x = -2*x + 80. Suppose 3*d - 5 - x = 0. Suppose -5*l = 11 - 111. Calculate the remainder when l is divided by d.
6
Suppose -6*a - 5 = -5*a - 5*d, 2*d = -4*a + 68. Let r = -20 + 62. What is the remainder when r is divided by a?
12
Let h(i) = i**3 - i. Let a(n) = 15*n + 1. Let f be a(3). Suppose -f = -5*l + w, -l - w = -12 - 2. What is the remainder when l is divided by h(2)?
4
Let h(w) = 5*w**3 - 4*w**3 + 4*w + 7 + 8*w**2 - 1 + 0. What is the remainder when h(-7) is divided by 15?
12
Suppose -7*y = 1 - 246. What is the remainder when y is divided by 10?
5
Let l = -13 - -6. Calculate the remainder when (-7 - -5)*(-29)/2 is divided by (-144)/(-14) + 2/l.
9
Suppose 0 = -2*f + 5*w + 120, -216 = -4*f - 5*w + 3*w. Suppose -6*z + 42 = -3*z. What is the remainder when f is divided by z?
13
Suppose 3*h - h + 74 = 4*b, 0 = 4*h + 4. Calculate the remainder when b is divided by 7.
4
Suppose 3*x = -3*p + 33, -3*x - 4*p - 73 = -8*x. Calculate the remainder when 2/((-2)/(-53)) - 3 is divided by x.
11
Let a(p) = 26*p**3 + 2*p - 2. Calculate the remainder when a(1) is divided by 4.
2
Let u = -256 + 264. Suppose -3 = 3*b, 65 = 3*o - b + 2*b. What is the remainder when o is divided by u?
6
Let g = -4 + 6. Suppose 0 = -g*m - 4 + 16. What is the remainder when 5/(10/(-44))*-1 is divided by m?
4
Suppose -20 = -3*r + 5*r. Let h = r - -7. Calculate the remainder when 5/((-1 - 2)/h) is divided by 2.
1
Let c(m) = -m - 5. Let a be c(-5). Suppose 0 = 3*v - a*v - 159. Suppose -v - 11 = -4*h. What is the remainder when h is divided by 9?
7
Let f(k) = -2*k - 6. Calculate the remainder when f(-6) is divided by 3.
0
Let v(o) = -4*o**3 + o**2 - 1. Let z be v(1). Let m(j) = -j**2 - 5*j + 8. Calculate the remainder when (z + -1)*(-2 - -1) is divided by m(-6).
1
Let y(t) = 2*t + 4. Calculate the remainder when 87 is divided by y(7).
15
Let k = -5 - -8. Let t(o) = -o + 4. Calculate the remainder when t(-3) is divided by (k/(-2))/(3/(-6)).
1
Calculate the remainder when (-92)/(-16) + 1/4 is divided by 2.
0
Suppose 0 = r - 5*r + 52. Let t be (7/((-28)/88))/(-2). Suppose -l = n + 2*l - t, 4*n + 3*l = 26. What is the remainder when r is divided by n?
3
Calculate the remainder when 19 - (-7 + 5 + -2) is divided by 5.
3
Let m = 3 + -2. Let p be 3/(-1)*(2 - m). Let v = p + 7. What is the remainder when 14 is divided by v?
2
Suppose 3*f = -3*d + 69, -3*d = -4*d. Let z = 1 - -5. What is the remainder when f is divided by z?
5
Suppose 0 = -3*u - 0*u - 18. Let i(s) = -7*s + 1. Let g be i(2). Let y = u - g. What is the remainder when y is divided by 3?
1
Let z be -27*3/3 - 0. Let i = z + 70. What is the remainder when i is divided by 11?
10
Let m = 2 + -1. Suppose -2*i = -3*x - 3, -5*x + i = 3 - 5. Calculate the remainder when m is divided by x.
0
Suppose 0 = -m + 5*j + 45, j + 86 = -5*m + 363. Calculate the remainder when m is divided by 14.
13
Suppose -2*i + 4 + 6 = 2*h, 0 = -i - 3*h + 15. Let z = 4 - i. Suppose -z + 18 = 2*n. What is the remainder when 20 is divided by n?
6
Suppose -t + 37 = -2*z, 14 = t - 5*z - 26. Calculate the remainder when t is divided by 19.
16
Let x = -28 + 120. Let n = x + -35. Suppose o - n = -2*o. Calculate the remainder when o is divided by 10.
9
Let b(w) = -16*w + 1. Let m = -6 - -5. What is the remainder when (-103)/(-2) + 21/(-14) is divided by b(m)?
16
Let n(r) = r**3 + 6*r**2 - 6. Let h be n(-6). Let a = h - -25. Let w(s) = s + 6. What is the remainder when a is divided by w(4)?
9
Let y(k) = -3*k**3 - 1. Let u be y(-1). Let h = u + 21. Calculate the remainder when h is divided by 12.
11
Suppose -3*z - 26 = -68. Calculate the remainder when 55 is divided by z.
13
Suppose 2*x + 20 = 4*w, 4*w + 8 = 4*x - 9*x. Let u be (-6)/(3/(102/x)). Let h = u + -28. Calculate the remainder when h is divided by 8.
7
What is the remainder when 6/9 + 952/21 is divided by 25?
21
Let c = -20 + 23. Suppose c*y - 83 = 2*g, 91 = 3*y + 2*g - 0*g. What is the remainder when y is divided by 5?
4
Let f = -14 + 10. Let u(i) = -4*i. Let h be u(f). Suppose 0 = -3*b + 8 + h. What is the remainder when 23 is divided by b?
7
Suppose 206 = 4*w + 54. What is the remainder when w is divided by 14?
10
Let l = 26 + -5. Calculate the remainder when l is divided by 12.
9
Suppose 33 = 10*y - 107. What is the remainder when 49 is divided by y?
7
Let n(u) = u**3 + 8*u**2 + 3*u - 2. Suppose -4*f = -4*a - 288, 6*f - f = -a - 66. Let j = -21 - a. What is the remainder when j is divided by n(-7)?
24
Suppose 6*s - 9 = 9. Let q(j) be the second derivative of -j**5/20 - j**4/6 + j**3/3 + j**2/2 + j. What is the remainder when q(-3) is divided by s?
1
Suppose -3*b = -2 - 4. Let j(v) = b*v - 6*v - v - 4. What is the remainder when 30 is divided by j(-4)?
14
Suppose y + 3 - 13 = 0. Let i = -8 + 12. Suppose 3*q + 3*o = 60, i*q - 2*q - 41 = -3*o. What is the remainder when q is divided by y?
9
Calculate the remainder when (-635)/(-9 - -4) - 2 is divided by 44.
37
Suppose -4*f + 91 = 4*d - 169, 5*f = -3*d + 185. What is the remainder when d is divided by 18?
16
Suppose 1083 + 87 = 9*d. Calculate the remainder when d is divided by 22.
20
Let z = -107 + 189. What is the remainder when z is divided by 7?
5
Suppose -n - 3*u + 14 = 0, 3*n + n - 78 = -u. Calculate the remainder when 76 is divided by n.
16
Let q(u) = -u**3 - u**2 + u. Let y be q(0). Suppose y = -2*h + 14 + 28. Calculate the remainder when 13 is divided by h*((-2)/3 - -1).
6
Let i = 34 + -15. Calculate the remainder when i is divided by 7.
5
Suppose 5*k - 221 = 2*j, -3*j + 4 = -j. Suppose k = 2*a + 3*a. Let b = 3 - -13. Calculate the remainder when b is divided by a.
7
Suppose 3*h - 425 = -5*n - 63, 0 = -3*h - 2*n + 350. What is the remainder when h is divided by 29?
27
Let c(n) = n**3 + 3*n**2 - n - 1. Let f(g) = g**2 - 1. Let l be f(2). Calculate the remainder when c(l) is divided by 13.
11
Let n = -24 + 90. Suppose -4*h = 3*w - 35, 0 = -3*w + 8*w - 5*h - 105. Calculate the remainder when n is divided by w.
15
Let i(p) = -2*p - 5. Let s be i(0). Calculate the remainder when (-37)/s + (-4)/10 is divided by 5.
2
Let o(h) = h**3 + 5*h**2 + 2*h + 5. Suppose -1 = n - 7. Let j be (20/n - 2)*-3. What is the remainder when o(j) is divided by 7?
6
Let f(x) = x**3 - 19*x**2 - 21*x + 25. What is the remainder when 6 is divided by f(20)?
1
Let y(h) = h - 3. Let w be y(3). Suppose w = -5*p - 0 + 20. Suppose -r = -2*r + 10. Calculate the remainder when r is divided by p.
2
Let u be (2 - 6 - 2)*-1. Let z(j) = j**3 - 4*j**2 - 7*j - 6. Suppose 0 = -3*h - 2*l + 3*l + 40, 4*h - 55 = 3*l. What is the remainder when z(u) is divided by h?
11
Suppose 15*b - 4*b = 517. Calculate the remainder when 92 is divided by b.
45
Let h(q) = q**2. Let r be h(1). Suppose 3*l = s + 7*l - r, -4*s + 3*l + 4 = 0. Suppose v - s = 4. What is the remainder when v is divided by 3?
2
Let r = 146 + -84. Calculate the remainder when r is d